*y - 39*y = -132. Is y a multiple of 20?
False
Let a = -66 + 114. Is 6 a factor of a?
True
Let z(u) = 4 - 2 - 1 - 19*u + 14*u. Is z(-7) a multiple of 12?
True
Suppose 8 = -2*a - b, 4*a + 2*b = -2*b - 16. Let t = 4 + a. Suppose t = -0*m + m - 11. Is m a multiple of 11?
True
Let z = 9 - -14. Is z a multiple of 10?
False
Let y(t) = -t**3 - t**2 + 6. Let i(u) be the first derivative of -u**2/2 - 8*u - 4. Let x be i(-8). Is y(x) a multiple of 2?
True
Let r(n) = 3*n - 2. Let s be r(2). Suppose 4*f + 2*z = -2*z + 12, -s*f - 5*z + 8 = 0. Is 7 a factor of f?
True
Is 6 a factor of 2*((-350)/4)/(-7)?
False
Let i(s) = s + 13. Let o be i(-9). Suppose -52 = -5*x + x + 5*p, -3*p - 60 = -o*x. Does 18 divide x?
True
Suppose 0 = -2*a + 4*a - 6. Suppose -a*v + 113 = -67. Suppose -q + v = 4*q. Does 6 divide q?
True
Let q(o) = o**3 - 5*o**2 + 5. Let m be q(5). Suppose 3*r + m*u = -32, -2*u - u = r + 16. Let p(a) = 2*a**2 + 5*a - 2. Does 3 divide p(r)?
False
Suppose 5*z - 10 = 0, 0*w - 5*z - 240 = -5*w. Does 9 divide w?
False
Let o be 1/(-3) + 680/15. Let s = -13 + o. Is 8 a factor of s?
True
Is 12 a factor of (48/(-10))/(4/(-10))?
True
Let i(q) = -q**2 + 2. Let k be i(0). Suppose -z = -k*z + 59. Is z a multiple of 20?
False
Suppose g + 0*a + 2*a - 4 = 0, -5*a + 10 = -4*g. Suppose g = -3*l + 8 + 1. Suppose -24 = z - l*z. Does 8 divide z?
False
Suppose g = -g + 30. Suppose -5*t = 5*d - 5, -2*t - 5*d - g = -t. Suppose -5*k = t*b - 90, 4*b + 5*k = 59 + 15. Is b a multiple of 16?
True
Let v(k) = k**2 + 22*k + 14. Is 10 a factor of v(-24)?
False
Suppose s + 2 = -2*b - 0*b, -3*b = 3*s. Suppose 3*r - 5 - 5 = g, -s*r + g = -5. Is r a multiple of 4?
False
Let y = 5 - 3. Let h be (20/25)/(y/120). Suppose 0 = -4*d, 2*i = -i - 2*d + h. Is i a multiple of 6?
False
Let y = 43 - 22. Is 20 a factor of y?
False
Suppose -a + 3*y + 281 - 66 = 0, -680 = -3*a + 2*y. Is 20 a factor of a?
False
Let x(c) = 6*c. Let t be x(1). Let l = 10 - t. Is l a multiple of 3?
False
Let d = 2 + -1. Let o(q) = -1 - 2*q - 1 + 5*q**2 + d. Is 4 a factor of o(-1)?
False
Let t = 16 + -10. Does 24 divide 292/6 - 4/t?
True
Suppose -3*l = l + 4. Let i be 4/(-10)*(14 - l). Is (2 + -20)*2/i a multiple of 2?
True
Let f be 4/(-15 - -3)*-285. Let w = f - 42. Is w a multiple of 22?
False
Is 12 a factor of (14 + -10 + 2/(-3))*60?
False
Suppose -3*c + c = -4*z - 272, 388 = 3*c - 2*z. Is 14 a factor of c?
True
Suppose 0*a + 29 = -a. Let h = -5 - a. Is h a multiple of 12?
True
Let p = -28 + 33. Does 5 divide p?
True
Let a(j) = -j**3 + 3*j**2 + 2*j + 1. Let o be a(3). Let s = -3 + o. Suppose -2*u + 96 = 2*i, 3*u = s*i - 63 - 122. Is 16 a factor of i?
False
Let l(p) = -p**3 - 7*p**2 - 5*p + 8. Let a be l(-6). Is 13 a factor of 1/a*(-2 + 46)?
False
Let n(d) = 2 - 1 + 8*d - 3*d. Is 11 a factor of n(8)?
False
Let c = 1 + 8. Let j = c + -4. Suppose 18 = 3*u + 3*b - 48, u - 34 = j*b. Does 12 divide u?
True
Suppose 4*c + 3*o - 177 = 0, 0 = -2*c - o + 91. Suppose 2*l = -5*s + 14, -5*l + 4 + c = 4*s. Let n = l + -7. Is n a multiple of 2?
False
Let h(w) = w**3 + 16*w**2 + 18*w - 44. Is 16 a factor of h(-14)?
True
Suppose 5*u = -3*m - 0*u + 16, 4*m - u = -17. Is 12 a factor of (-27)/(-3) - (m + 0)?
True
Suppose 2*d + 5*x = 11, -x + 2 = x. Suppose 2*l - 6*l = -136. Suppose -s - l = -d*s. Is s a multiple of 6?
False
Suppose 0 = -2*r - 4*p + 14, 3*r - 9 + 2 = p. Suppose -82 - 74 = -r*k. Is 13 a factor of k?
True
Let o(p) = 2*p**2 - 4*p**2 + 9 + 9*p + 3*p**2 - 6*p. Let n be o(-6). Does 11 divide (-6)/(0 - 3) + n?
False
Suppose -3 = 2*c - 5*c + 3*u, -5*c - 5*u = -25. Suppose -j + 21 = c*v, 4*j = j. Is 7 a factor of v?
True
Is (-3)/2*(-1164)/9 a multiple of 16?
False
Let s(i) be the second derivative of i**4/12 - 2*i**2 - 3*i. Is s(-4) a multiple of 5?
False
Let v(w) = 32*w**2 + 6*w - 3. Is v(2) a multiple of 21?
False
Let s be -4 + (-136)/(0 - 4). Suppose 5*l + s = 115. Is 4 a factor of l?
False
Let p(g) = g**2 + 50. Does 8 divide p(0)?
False
Suppose -q + 382 = 3*r, 5*r + 9*q - 4*q - 630 = 0. Does 8 divide r?
True
Is ((-3)/(-2))/((-6)/(-140)) a multiple of 11?
False
Let o(d) = d**3 + d**2 - 2*d - 1. Let b be o(2). Let f(k) = -2*k - 39. Let l be f(-19). Let h = b + l. Is 3 a factor of h?
True
Suppose 2*x = -3*z + 38, -5*z + 4*z + x = -6. Suppose -w - 4*u = w - z, -u = 0. Suppose -10*o + 2*c + 72 = -w*o, 5*o - 100 = -5*c. Is 16 a factor of o?
True
Let p be 4/(-6)*1*12. Let l be 30 + 2 - (2 - (6 + 0)). Does 13 divide p/l + (-508)/(-18)?
False
Let a = 4 + -3. Let x(k) = 6*k - 1. Let s be x(a). Suppose -5*c + 75 = -s. Does 8 divide c?
True
Let o be (-3 - -6)*-1 + 51. Suppose -4*d = -5*v - o, -d - v + 15 = -3*v. Is d a multiple of 3?
False
Suppose -190 = -8*p - 2*p. Is 6 a factor of p?
False
Suppose 28 = 4*p - 2*d, 2*p + d = 3 + 7. Is p a multiple of 3?
True
Let q(k) = -2*k - 24. Let x be q(-18). Let a = -32 + 51. Let t = x + a. Is 17 a factor of t?
False
Suppose 0 = -4*y - 4*z + 4, 2*z - 3 = -4*y - 1. Suppose -29 = -2*m + 5*h - 3, -m + 3*h + 12 = y. Is 18 a factor of m?
True
Let g(f) = f**3 + 9*f**2 + 8*f - 7. Let c be g(-8). Let r = c - -2. Is 9 a factor of (-2)/(-1) - 105/r?
False
Let h(j) = j**3 - 2*j**2 + j - 4. Suppose 0 = -o + 6 - 3. Is 4 a factor of h(o)?
True
Let o be (6 - 3)/3 + -21. Let r = o + 40. Is 16 a factor of r?
False
Let v = -8 - -18. Does 5 divide v?
True
Suppose 0 = 5*i - 14 - 26. Is i a multiple of 4?
True
Suppose 5*s - 1 = 9. Suppose 22 = 4*z + s. Is z a multiple of 4?
False
Suppose 0 = 2*d - 2*z - 16, -2*d - 5*z = -29 + 6. Is d a multiple of 9?
True
Let t(p) = p**2 - 5*p + 4. Let g be t(6). Suppose 4*a + 9 = a. Let k = a + g. Is 2 a factor of k?
False
Let s(h) = h**3 + 8*h**2 + h + 17. Does 22 divide s(-5)?
False
Suppose -154 = 34*g - 36*g. Is g a multiple of 11?
True
Let q be (10/(-6))/((-3)/45). Let j = q + 8. Does 11 divide j?
True
Let x be 2 - -2 - (2 + 0). Suppose 0 = -5*q + n + 1 + 69, 3*n = -x*q + 28. Does 4 divide q?
False
Is 26/(-8)*(6 - 18) a multiple of 13?
True
Suppose -2*s + 0*s = 0. Suppose v + s*v = 51. Is 17 a factor of v?
True
Let t = 73 - 113. Suppose -5*j + a = -4*a - 330, 138 = 2*j + a. Let l = t + j. Is l a multiple of 13?
False
Let z be (-1)/4 - (-18)/8. Is 3 a factor of z + 2 - (-4 - -2)?
True
Let u be 3 + -1 + 3 + 155. Suppose -z + 188 = 4*d - 0*z, 3*d - 4*z = u. Does 22 divide d?
False
Let o = 173 - 40. Is o a multiple of 21?
False
Suppose -i - 6 = -1, 0 = -5*y - 3*i + 505. Suppose 4*b + 12 = y. Is 8 a factor of b?
False
Let m(d) = -d**3 - 3*d**2 + 3*d - 1. Let q be m(-4). Suppose -q*c = -0*c - 33. Is c a multiple of 3?
False
Let f = -13 + 2. Suppose -75 = -3*v + 60. Let p = v + f. Is 17 a factor of p?
True
Does 16 divide 6/(-14) - (-3859)/119?
True
Let z be 16/(-56) + (-60)/(-14). Suppose -2*m + 3*m - z = 0. Suppose -2*t + 10 = 0, f - 55 = -0*f - m*t. Is f a multiple of 13?
False
Suppose -27*p = -1812 + 84. Is p a multiple of 11?
False
Let q(k) = -k + 3 + 4*k + 2*k. Suppose -13*m + 8*m + 15 = 0. Does 6 divide q(m)?
True
Let d(h) = -h**3 + h + 5. Let b = 20 - 20. Is d(b) even?
False
Let q be ((-5)/(-4))/((-1)/4). Let z(j) = j**3 + 6*j**2 + 7. Is z(q) a multiple of 16?
True
Let b = 63 + -37. Is b a multiple of 13?
True
Let w(f) = -29*f - 1. Is 24 a factor of w(-5)?
True
Let p(s) = s**2 - 5*s + 4. Let u be p(5). Let t = 3 - u. Let w = 2 - t. Does 3 divide w?
True
Suppose -2 = -b + 11. Suppose -3*f + p = -b, 2*f + p = 4*p + 18. Does 3 divide f?
True
Let g = 24 - -12. Is g a multiple of 24?
False
Let s = 11 - 15. Let w be (-22)/s*(16 + -2). Suppose 0*p - f = -3*p + 92, -w = -3*p - 2*f. Does 10 divide p?
False
Let b be 0 + 1 - (-9)/1. Is (28/b)/((-1)/(-10)) a multiple of 16?
False
Let u be 4*(2/4 - 0). Suppose -3*y - 3*b + 123 = 0, u*y - 3*b - 78 = -b. Is y a multiple of 20?
True
Suppose 4*x - 300 = -0*u - 4*u, 3*x = 5*u + 225. Suppose -3*w = 3*k - 16 - 92, -2*k - w + x = 0. Does 15 divide k?
False
Suppose -5*k + 16 = 1. Suppose 0 = 5*z - k*i - 19, -4 = z - 4*i - 1. Does 4 divide (-2)/(-2)*z*1?
False
Suppose -30 = -g - w + 2*w, 6 = 2*w. Is g a multiple of 11?
True
Let s(a) = 3*a - 15. Is 4 a factor of s(7)?
False
Suppose -3*u + 12 = -6*u, 112 = 2*d - 4*u. Is d a multiple of 16?
True
Let z(p) = -p**3 - 2*p**2 - 2*p + 1. Let i be z(-2). Suppose -2*x + i*t = 23, -115 = x + 4*x - t. Let f = x - -34.